42354140 is divided by 376?
372
Calculate the remainder when 41112 is divided by 4041.
702
Calculate the remainder when 272614 is divided by 30134.
1408
What is the remainder when 2475558 is divided by 1231?
17
Calculate the remainder when 85914 is divided by 292.
66
Calculate the remainder when 13795440 is divided by 988.
984
What is the remainder when 7981644 is divided by 2045?
9
What is the remainder when 29472234 is divided by 3?
0
What is the remainder when 121987469 is divided by 10?
9
What is the remainder when 2738550 is divided by 113?
108
What is the remainder when 53413627 is divided by 15?
7
What is the remainder when 96361313 is divided by 436024?
9
What is the remainder when 740364 is divided by 233?
123
What is the remainder when 27823738 is divided by 434?
432
Calculate the remainder when 10060096 is divided by 19.
14
Calculate the remainder when 158614 is divided by 145.
129
What is the remainder when 5806781 is divided by 183?
8
Calculate the remainder when 139614 is divided by 34845.
234
Calculate the remainder when 247198 is divided by 2495.
193
What is the remainder when 43918788 is divided by 205?
203
What is the remainder when 65420 is divided by 8923?
2959
What is the remainder when 601784 is divided by 6?
2
Calculate the remainder when 274678 is divided by 403.
235
What is the remainder when 38189 is divided by 82?
59
What is the remainder when 11194 is divided by 1541?
407
Calculate the remainder when 274208 is divided by 137098.
12
Calculate the remainder when 3281546 is divided by 28785.
56
What is the remainder when 1094061 is divided by 8?
5
What is the remainder when 842494 is divided by 25?
19
Calculate the remainder when 3202948 is divided by 73.
0
Calculate the remainder when 126772 is divided by 14.
2
Calculate the remainder when 78456 is divided by 323.
290
Calculate the remainder when 1009521 is divided by 152.
89
Calculate the remainder when 1828076 is divided by 2335.
2106
Calculate the remainder when 64920 is divided by 166.
14
Calculate the remainder when 444946 is divided by 835.
726
Calculate the remainder when 3549589 is divided by 100.
89
Calculate the remainder when 3462070 is divided by 244.
198
Calculate the remainder when 33968 is divided by 212.
48
What is the remainder when 55596 is divided by 1997?
1677
Calculate the remainder when 509570757 is divided by 24.
21
Calculate the remainder when 719490 is divided by 2617.
2432
Calculate the remainder when 16310 is divided by 5436.
2
What is the remainder when 112753 is divided by 15872?
1649
Calculate the remainder when 149054 is divided by 535.
324
What is the remainder when 67984620 is divided by 268?
256
Calculate the remainder when 7849052 is divided by 14.
8
Calculate the remainder when 31530 is divided by 7799.
334
What is the remainder when 319285 is divided by 1535?
5
What is the remainder when 62265100 is divided by 2759?
2747
Calculate the remainder when 414430 is divided by 16.
14
What is the remainder when 1695624 is divided by 1435?
889
What is the remainder when 9018302 is divided by 16?
14
What is the remainder when 48987106 is divided by 9?
7
What is the remainder when 593519 is divided by 103?
33
What is the remainder when 2703290 is divided by 102?
86
Calculate the remainder when 1066770 is divided by 12.
6
Calculate the remainder when 151873 is divided by 3259.
1959
Calculate the remainder when 137489208 is divided by 27.
24
Calculate the remainder when 2764329 is divided by 105.
99
What is the remainder when 15712 is divided by 2593?
154
What is the remainder when 808783 is divided by 4654?
3641
What is the remainder when 182492062 is divided by 35?
32
What is the remainder when 69284 is divided by 21745?
4049
Calculate the remainder when 243787 is divided by 2826.
751
What is the remainder when 25448056 is divided by 3181001?
48
Calculate the remainder when 6185 is divided by 765.
65
What is the remainder when 293922412 is divided by 2946?
2938
What is the remainder when 44571855 is divided by 32?
15
What is the remainder when 10969 is divided by 950?
519
Calculate the remainder when 1461657 is divided by 1202.
25
What is the remainder when 4267633 is divided by 251037?
4
What is the remainder when 1215785 is divided by 66?
65
Calculate the remainder when 415419 is divided by 127.
2
What is the remainder when 894731247 is divided by 1190?
1187
What is the remainder when 705229 is divided by 12907?
8251
What is the remainder when 853878 is divided by 426917?
44
What is the remainder when 1217018474 is divided by 2853?
2852
What is the remainder when 8248429 is divided by 16?
13
What is the remainder when 715112 is divided by 79456?
8
What is the remainder when 3909628 is divided by 355318?
1130
What is the remainder when 48343 is divided by 3397?
785
Calculate the remainder when 6292648 is divided by 130.
128
Calculate the remainder when 1014671 is divided by 507135.
401
Calculate the remainder when 6183495 is divided by 1545873.
3
What is the remainder when 1274039 is divided by 10616?
119
Calculate the remainder when 71414 is divided by 1115.
54
Calculate the remainder when 62015 is divided by 12391.
60
Calculate the remainder when 18391 is divided by 322.
37
Calculate the remainder when 5463117 is divided by 442.
439
Calculate the remainder when 109800 is divided by 828.
504
Calculate the remainder when 3086600 is divided by 771642.
32
What is the remainder when 39450392 is divided by 5793?
62
Calculate the remainder when 14372957 is divided by 4374.
4367
Calculate the remainder when 219719 is divided by 218991.
728
What is the remainder when 4291625 is divided by 2744?
9
What is the remainder when 140013 is divided by 51?
18
What is the remainder when 601865 is divided by 2013?
1991
Calculate the remainder when 2493758 is divided by 91.
85
Calculate the remainder when 8426833 is divided by 3209.
3208
What is the remainder when 14727 is divided by 4371?
1614
What is the remainder when 2500074 is divided by 1018?
884
Calculate the remainder when 1689742 is divided by 24.
22
What is the remainder when 191845 is divided by 8693?
599
Calculate the remainder when 212549 is divided by 113.
109
What is the remainder when 1943723 is divided by 4552?
19
What is the remainder when 32111127 is divided by 3493?
3471
Calculate the remainder when 8054708 is divided by 49.
39
What is the remainder when 377334425 is divided by 8457?
8456
Calculate the remainder when 72771967 is divided by 14554390.
17
What is the remainder when 161384 is divided by 80584?
216
What is the remainder when 3704696 is divided by 926174?
0
What is the remainder when 276058 is divided by 9654?
5746
Calculate the remainder when 236227 is divided by 47042.
1017
What is the remainder when 1385943 is divided by 624?
39
What is the remainder when 180079 is divided by 661?
287
What is the remainder when 143369 is divided by 1588?
449
Calculate the remainder when 919649 is divided by 960.
929
Calculate the remainder when 19306566 is divided by 757.
38
What is the remainder when 7758255 is divided by 215?
195
Calculate the remainder when 45191575 is divided by 74.
71
What is the remainder when 14812414 is divided by 645?
634
Calculate the remainder when 2137433 is divided by 51.
23
What is the remainder when 488062 is divided by 1448?
86
Calculate the remainder when 964989 is divided by 669.
291
Calculate the remainder when 9659823 is divided by 269.
33
Calculate the remainder when 199672917 is divided by 12.
9
Calculate the remainder when 104876 is divided by 807.
773
Calculate the remainder when 131967 is divided by 1862.
1627
Calculate the remainder when 10430759 is divided by 106.
41
What is the remainder when 858859 is divided by 40?
19
What is the remainder when 26400813 is divided by 20788?
53
What is the remainder when 589685 is divided by 192?
53
What is the remainder when 45497203 is divided by 6499600?
3
Calculate the remainder when 4376024 is divided by 295.
289
What is the remainder when 6441545 is divided by 6689?
38
What is the remainder when 582961 is divided by 577450?
5511
Calculate the remainder when 5722842 is divided by 4.
2
What is the remainder when 150415614 is divided by 60?
54
What is the remainder when 5485808 is divided by 148265?
3
Calcu